74*f + 749. Calculate l(-1).
21
Let a(x) = x**2 + 12365*x + 406975. What is a(-33)?
19
Let a(p) = -206471*p + 3509932. Give a(17).
-75
Let q(w) = 11*w**2 - 10274*w + 40929. Calculate q(930).
9
Let k(n) = -12*n**2 + 55*n + 884. What is k(11)?
37
Let h(i) = -1272952*i + 5091790. What is h(4)?
-18
Let d(c) = -120*c - 1065. Determine d(-11).
255
Let y(f) = 599*f - 37675. Determine y(64).
661
Let a(o) = -151874*o - 1063141. Determine a(-7).
-23
Let b(y) = -y**3 + 102*y**2 + 694*y + 7371. Calculate b(109).
-150
Let g(p) = -2*p**2 - 1062*p + 59481. What is g(51)?
117
Let c(o) = -16*o**2 - 24333*o + 48663. Calculate c(2).
-67
Let l(q) = 338*q + 45404. Calculate l(-131).
1126
Let o(f) = 2*f**3 - 76*f**2 + 621*f + 14. What is o(10)?
624
Let y(p) = -109*p**3 + 2*p**2 - 127*p - 265. Calculate y(-2).
869
Let u(l) = 1984*l**3 + 15*l**2 - 8*l - 7. Determine u(1).
1984
Let c(m) = -1756*m - 61466. Calculate c(-35).
-6
Let d(c) = -27*c**2 + 1906*c - 20941. Determine d(57).
-22
Let f(y) = -19*y**2 - 3480*y - 537. Calculate f(-183).
12
Let c(b) = -24*b**2 - 210*b - 840. Give c(-4).
-384
Let i(k) = -k**3 - 661*k**2 - 9080*k - 294. Give i(-14).
14
Let d(x) = -52*x - 710. What is d(4)?
-918
Let f(a) = -2*a**3 - 231*a**2 + 77*a - 2773. Give f(-116).
1751
Let v(l) = -l**2 + 51740*l + 413964. What is v(-8)?
-20
Let g(o) = -13*o**2 - 2892*o - 146. Calculate g(-222).
1186
Let v(n) = -n**3 - 18*n**2 - 75*n - 120. Calculate v(-8).
-160
Let b(v) = -v**3 + 254*v**2 + 817*v + 130. What is b(-3)?
-8
Let q(m) = -21102*m + 8124274. Give q(385).
4
Let p(q) = 4*q**3 - 215*q**2 - 3900*q - 11561. Determine p(-11).
0
Let s(j) = 5*j**3 - 73*j**2 - 17*j + 258. What is s(15)?
453
Let w(t) = -339*t**2 + 438*t - 58. Give w(1).
41
Let v(m) = -m**2 + 2100*m + 174378. Calculate v(-80).
-22
Let f(h) = 7*h**2 - 858*h - 9706. Give f(133).
3
Let n(v) = -v**3 - 84*v**2 - 31*v - 2702. Give n(-84).
-98
Let t(y) = 150510*y + 1053504. Give t(-7).
-66
Let a(o) = -21*o**3 - 1552*o**2 + 150*o + 58. What is a(-74)?
-90
Let p(t) = -t**2 + 1666*t - 467310. Give p(357).
3
Let h(q) = -11515*q - 69153. Determine h(-6).
-63
Let h(s) = -6553*s + 39272. Calculate h(6).
-46
Let k(v) = v**3 + 64*v**2 - 282*v - 700. What is k(-68)?
-20
Let u(g) = g**3 - 153*g**2 - 515*g + 7414. What is u(156)?
82
Let d(b) = -492*b - 5289. What is d(-11)?
123
Let f(u) = u**2 + 6981*u + 249866. What is f(-36)?
-154
Let u(w) = 6937*w - 506394. Give u(73).
7
Let c(y) = 17*y**3 + 3434*y**2 + 6*y + 1206. Determine c(-202).
-6
Let n(o) = -467*o**2 + 1912*o - 4. Determine n(4).
172
Let i(r) = -33476*r - 502099. Give i(-15).
41
Let c(k) = k**3 + 48*k**2 - 121*k - 216. What is c(5)?
504
Let x(b) = -2019*b - 14192. Calculate x(-7).
-59
Let l(h) = 25561*h - 24606. Determine l(1).
955
Let j(a) = 3835*a - 45982. What is j(12)?
38
Let g(v) = -3*v**2 - 410*v - 2341. What is g(-6)?
11
Let t(b) = -23*b**2 + 2786*b - 8330. Determine t(3).
-179
Let c(u) = -36*u**3 - 825*u**2 - 19*u - 2019. Calculate c(-23).
5
Let k(h) = -153*h + 629. Calculate k(-2).
935
Let r(d) = -9*d**2 - 679*d + 2405. What is r(-78)?
611
Let t(s) = 62*s**3 + 1548*s**2 - 37*s + 149. What is t(-25)?
-176
Let v(k) = 218*k + 101612. What is v(-465)?
242
Let x(m) = m**2 - 5262*m + 193345. Give x(37).
20
Let r(s) = 834*s + 2701. Give r(-3).
199
Let w(p) = -4*p**2 + 508*p + 11533. Determine w(-22).
-1579
Let b(n) = 1446*n + 37912. Give b(-26).
316
Let a(s) = s**3 + 117*s**2 + 1288*s + 2982. Determine a(-105).
42
Let i(j) = j**3 + j**2 - 166*j - 1463. Give i(-12).
-1055
Let r(h) = 279*h - 9852. Give r(34).
-366
Let x(y) = -18*y**3 + 8*y**2 - 72*y + 6. What is x(5)?
-2404
Let m(z) = -z**3 + 50*z**2 + 5024*z - 2392. Determine m(100).
8
Let g(h) = -7*h**2 - 578*h - 339. Give g(-82).
-11
Let h(o) = -35*o**2 - 3581*o - 915. What is h(-102)?
207
Let t(p) = 7*p**2 - 170*p - 2443. Determine t(-18).
2885
Let g(s) = -8*s**3 - 96*s**2 + 121*s - 8. Determine g(-13).
-229
Let p(z) = 6920*z + 3716028. What is p(-537)?
-12
Let l(d) = -529*d + 70418. What is l(133)?
61
Let q(s) = s**3 + 71*s**2 - 24*s - 1200. What is q(-71)?
504
Let k(v) = -2*v**2 + 318*v + 3521. Give k(-11).
-219
Let u(l) = 2*l**2 + 18734*l + 6. Give u(0).
6
Let r(i) = 16*i**2 + 3107*i + 687. What is r(-194)?
105
Let k(v) = v**3 - 95*v**2 + 1084. What is k(95)?
1084
Let t(y) = -12*y**3 + 103*y**2 + 47*y - 11. Calculate t(9).
7
Let y(g) = 90*g - 6871. What is y(103)?
2399
Let m(h) = -h**3 - 267*h**2 - 2808*h + 2026. Determine m(-256).
-22
Let w(l) = -1355*l + 12084. Determine w(8).
1244
Let i(d) = d**2 - 99*d + 3204. Give i(39).
864
Let o(l) = 79*l - 2036. What is o(23)?
-219
Let v(k) = -k**2 - 46*k + 169. Give v(-26).
689
Let u(y) = 101157*y - 6777518. Determine u(67).
1
Let y(m) = -m**2 + 75*m - 1246. Give y(37).
160
Let y(h) = -h**3 + 7*h**2 + 7514*h - 67519. Give y(9).
-55
Let i(h) = h**3 - 96*h**2 - 609*h + 17. Give i(-6).
-1
Let k(i) = 1668*i - 19142. Calculate k(12).
874
Let v(c) = 4767*c**2 - 309864*c + 562. What is v(65)?
-23
Let y(w) = -50*w**2 - 188*w + 129259. Give y(49).
-3
Let o(s) = 243*s - 17825. Calculate o(73).
-86
Let p(o) = -1888*o + 51. Determine p(0).
51
Let n(i) = -1703*i + 25733. Calculate n(15).
188
Let m(t) = -t**2 + 1136*t - 272463. Determine m(344).
-15
Let u(q) = -67*q**3 - 5296*q**2 - 235*q + 168. Determine u(-79).
10
Let t(l) = -l**3 - 82*l**2 + 8115*l + 393. Calculate t(58).
103
Let i(f) = 19*f**2 - 243*f + 43. Calculate i(16).
1019
Let r(h) = 3*h**3 + 423*h**2 + 2444*h + 1882. Calculate r(-135).
-8
Let k(t) = 2*t**2 - 1421*t + 231483. Calculate k(253).
-12
Let y(h) = -1007*h - 241627. Determine y(-240).
53
Let y(u) = 32*u - 199. What is y(36)?
953
Let p(o) = 6*o**2 + 108*o + 325. What is p(-7)?
-137
Let y(m) = -45*m**3 + 564*m**2 - 292*m + 134. Give y(12).
86
Let v(l) = -351*l + 1085. What is v(2)?
383
Let p(t) = 5420*t + 20817. Determine p(-4).
-863
Let d(w) = -w**2 + 52*w + 1007. Calculate d(44).
1359
Let j(h) = -4649*h - 1687587. Determine j(-363).
0
Let q(f) = f**3 - 558*f**2 + 957*f - 222797. Determine q(557).
3
Let i(g) = -3*g**2 - 11*g + 2607. What is i(29)?
-235
Let r(u) = 111*u**2 + 6432*u + 17982. What is r(-55)?
-3
Let c(q) = 36800*q + 258493. What is c(-7)?
893
Let k(x) = 2*x**3 + 102*x**2 - 558*x + 119. Determine k(-56).
7
Let u(s) = s**2 + 127*s + 1527. What is u(-114)?
45
Let r(p) = p**2 + 852*p - 23041. What is r(26)?
-213
Let u(y) = y**3 - 475*y**2 + 835*y + 52458. Calculate u(473).
-45
Let n(v) = 3973*v + 2840. What is n(-1)?
-1133
Let s(h) = 157*h**3 - 6*h**2 - 31*h - 48. What is s(-2)?
-1266
Let u(d) = -1281*d - 33324. Calculate u(-26).
-18
Let v(r) = 35*r**3 + r**2 + 972*r + 1950. What is v(-2)?
-270
Let h(u) = -3*u**2 + 12*u + 796. What is h(-13)?
133
Let z(w) = 8*w**3 + 577*w**2 + 692*w + 44631. Calculate z(-72).
-9
Let s(l) = 5*l**3 + 372*l**2 - 223*l + 400. Determine s(-75).
250
Let x(i) = 580*i**2 + 981*i - 980. Give x(1).
581
Let u(j) = 3976491*j + 7952982. Give u(-2).
0
Let g(i) = 58*i - 18590. Determine g(321).
28
Let b(z) = 595*z + 2619. Determine b(-8).
-2141
Let z(p) = -p**3 - 24*p**2 + 64*p + 2692. Determine z(-21).
25
Let h(j) = -j**3 + 34*j**2 - 68*j + 6364. What is h(36)?
1324
Let z(v) = 157*v**2 + 2019*v - 123. What is z(-13)?
163
Let x(c) = 3*c**3 + 253*c**2 + 1812*c - 8. Calculate x(-8).
152
Let q(k) = -2*k**3 + 856*k**2 + 62*k - 25900. What is q(428)?
636
Let i(t) = t**3 + 115*t**2 + 2690*t - 35908. Determine i(-66).
-4
Let f(v) = -v**3 - 7*v**2 + 27*v - 16. Give f(-16).
1856
Let d(z) = 236*z + 33040. Determine d(-140).
0
Let p(j) = j**2 + 115*j - 51210. What is p(176)?
6
Let v(j) = -1324429*j + 26488579. Calculate v(20).
-1
Let g(x) = x**3 - 12*x**2 - 21*x + 42. What is g(14)?
140
Let g(y) = -65*y**3 - 69295*y**2 - 5337*y - 7465. Calculate g(-1066).
-3
Let u(m) = -8*m**3 + 102*m**2 + 26*m + 9. What is u(13)?
9
Let h(t) = -3*t**3 + 3795*t**2 - 3808*t + 20229. Give h(1264).
5
Let x(j) = -1809*j + 15050. Determine x(8).
578
Let h(u) = u**2 - 3889*u - 145121. Calculate h(-37).
141
Let l(n) = n**3 - 19*n**2 + 2462*n - 49857. What is l(20)?
-217
Let r(v) = 1146*v + 5787. What is r(-5)?
57
Let j(o) = -456*o - 41959. Give j(-93).
449
Let j(p) = -15831*p - 31666. Give j(-2).
-4
Let r(g) = -295*g + 46944. Calculate r(158).
334
Let o(b) = 192*b + 647. What is o(0)?
647
L